{"id":2503,"date":"2025-04-12T13:41:46","date_gmt":"2021-03-09T14:11:37","guid":{"rendered":"http:\/\/restaurants.koutonou.net\/index.php\/services\/"},"modified":"2025-05-20T16:57:04","modified_gmt":"2025-05-20T14:57:04","slug":"services","status":"publish","type":"page","link":"https:\/\/restaurants.koutonou.net\/index.php\/services\/","title":{"rendered":"Services"},"content":{"rendered":"\t\t<div data-elementor-type=\"wp-page\" data-elementor-id=\"2503\" class=\"elementor elementor-2503\">\n\t\t\t\t<div class=\"elementor-element elementor-element-c88a974 e-con-full e-flex e-con e-parent\" data-id=\"c88a974\" data-element_type=\"container\" data-settings=\"{&quot;background_background&quot;:&quot;classic&quot;}\">\n\t\t<div class=\"elementor-element elementor-element-411cb99 e-con-full e-flex e-con e-child\" data-id=\"411cb99\" data-element_type=\"container\">\n\t\t\t\t<div class=\"elementor-element elementor-element-31e5b9f elementor-invisible elementor-widget elementor-widget-text-editor\" data-id=\"31e5b9f\" data-element_type=\"widget\" data-settings=\"{&quot;_animation&quot;:&quot;slideInUp&quot;,&quot;_animation_delay&quot;:200}\" data-widget_type=\"text-editor.default\">\n\t\t\t\t<div class=\"elementor-widget-container\">\n\t\t\t\t\t\t\t\t\t<p>Nos services<\/p>\t\t\t\t\t\t\t\t<\/div>\n\t\t\t\t<\/div>\n\t\t\t\t<div class=\"elementor-element elementor-element-96986aa elementor-widget elementor-widget-text-editor\" data-id=\"96986aa\" data-element_type=\"widget\" data-widget_type=\"text-editor.default\">\n\t\t\t\t<div class=\"elementor-widget-container\">\n\t\t\t\t\t\t\t\t\t<p>Vous trouverez ici tous les services que nous proposons pour r\u00e9pondre \u00e0 tous vos besoins.<\/p>\t\t\t\t\t\t\t\t<\/div>\n\t\t\t\t<\/div>\n\t\t\t\t<\/div>\n\t\t\t\t<\/div>\n\t\t<div class=\"elementor-element elementor-element-92da6ae e-grid e-con-boxed e-con e-parent\" data-id=\"92da6ae\" data-element_type=\"container\">\n\t\t\t\t\t<div class=\"e-con-inner\">\n\t\t\t\t<div class=\"elementor-element elementor-element-507d1c9 elementor-widget elementor-widget-text-editor\" data-id=\"507d1c9\" data-element_type=\"widget\" data-widget_type=\"text-editor.default\">\n\t\t\t\t<div class=\"elementor-widget-container\">\n\t\t\t\t\t\t\t\t\t<h4>Petit plan de tarification pour votre restaurant !!<\/h4>\t\t\t\t\t\t\t\t<\/div>\n\t\t\t\t<\/div>\n\t\t<div class=\"elementor-element elementor-element-c7dbcfe e-con-full e-flex e-con e-child\" data-id=\"c7dbcfe\" data-element_type=\"container\">\n\t\t<div class=\"elementor-element elementor-element-093f875 e-con-full e-flex e-con e-child\" data-id=\"093f875\" data-element_type=\"container\" data-settings=\"{&quot;background_background&quot;:&quot;classic&quot;}\">\n\t\t<div class=\"elementor-element elementor-element-8f2e063 e-con-full e-flex e-con e-child\" data-id=\"8f2e063\" data-element_type=\"container\">\n\t\t<div class=\"elementor-element elementor-element-d1f032a e-grid e-con-full e-con e-child\" data-id=\"d1f032a\" data-element_type=\"container\">\n\t\t\t\t<div class=\"elementor-element elementor-element-27fe205 elementor-widget elementor-widget-text-editor\" data-id=\"27fe205\" data-element_type=\"widget\" data-widget_type=\"text-editor.default\">\n\t\t\t\t<div class=\"elementor-widget-container\">\n\t\t\t\t\t\t\t\t\t<h3 class=\"\" data-start=\"1798\" data-end=\"1837\">\ud83c\udd93 Service gratuit<\/h3><p class=\"\" data-start=\"1838\" data-end=\"1954\">Gr\u00e2ce \u00e0 notre syst\u00e8me, disposez d&#8217;une pr\u00e9sence en ligne simple et surtout gratuite :<\/p>\t\t\t\t\t\t\t\t<\/div>\n\t\t\t\t<\/div>\n\t\t\t\t<div class=\"elementor-element elementor-element-c4450a9 elementor-widget elementor-widget-text-editor\" data-id=\"c4450a9\" data-element_type=\"widget\" data-widget_type=\"text-editor.default\">\n\t\t\t\t<div class=\"elementor-widget-container\">\n\t\t\t\t\t\t\t\t\t<strong>\u2713 Visibilit\u00e9 sur le site<\/strong><br data-start=\"1995\" data-end=\"1998\" \/><strong>\u2713 Budget, ambiance, type de cuisine\u00a0 <br data-start=\"1995\" data-end=\"1998\" \/>\u2713 Partage d&#8217;infos et contact du restaurant <br data-start=\"1995\" data-end=\"1998\" \/><span style=\"color: red;\">\u2717 <\/span>R\u00e9servation en ligne via le site <br data-start=\"2033\" data-end=\"2036\" \/><span style=\"color: red;\">\u2717<\/span>\u00a0Ajout du menu sur le site<\/strong>\t\t\t\t\t\t\t\t<\/div>\n\t\t\t\t<\/div>\n\t\t\t\t<div class=\"elementor-element elementor-element-ebf27ce elementor-widget elementor-widget-button\" data-id=\"ebf27ce\" data-element_type=\"widget\" data-widget_type=\"button.default\">\n\t\t\t\t<div class=\"elementor-widget-container\">\n\t\t\t\t\t\t\t\t\t<div class=\"elementor-button-wrapper\">\n\t\t\t\t\t<a class=\"elementor-button elementor-button-link elementor-size-sm\" href=\"https:\/\/restaurants.koutonou.net\/index.php\/contact-us\/\">\n\t\t\t\t\t\t<span class=\"elementor-button-content-wrapper\">\n\t\t\t\t\t\t\t\t\t<span class=\"elementor-button-text\">Souscrire maintenant<\/span>\n\t\t\t\t\t<\/span>\n\t\t\t\t\t<\/a>\n\t\t\t\t<\/div>\n\t\t\t\t\t\t\t\t<\/div>\n\t\t\t\t<\/div>\n\t\t\t\t<\/div>\n\t\t\t\t<\/div>\n\t\t\t\t<\/div>\n\t\t\t\t<\/div>\n\t\t<div class=\"elementor-element elementor-element-c4d8b27 e-con-full e-flex e-con e-child\" data-id=\"c4d8b27\" data-element_type=\"container\">\n\t\t<div class=\"elementor-element elementor-element-00926b6 e-con-full e-flex e-con e-child\" data-id=\"00926b6\" data-element_type=\"container\" data-settings=\"{&quot;background_background&quot;:&quot;classic&quot;}\">\n\t\t<div class=\"elementor-element elementor-element-9660d6c e-con-full e-flex e-con e-child\" data-id=\"9660d6c\" data-element_type=\"container\">\n\t\t<div class=\"elementor-element elementor-element-10fffc6 e-grid e-con-full e-con e-child\" data-id=\"10fffc6\" data-element_type=\"container\">\n\t\t\t\t<div class=\"elementor-element elementor-element-11659b2 elementor-widget elementor-widget-text-editor\" data-id=\"11659b2\" data-element_type=\"widget\" data-widget_type=\"text-editor.default\">\n\t\t\t\t<div class=\"elementor-widget-container\">\n\t\t\t\t\t\t\t\t\t<h3 class=\"\" data-start=\"1798\" data-end=\"1837\">\ud83d\udc8eService Premium<\/h3><h6 data-start=\"1798\" data-end=\"1837\"><em><strong>\/10.000 Fcfa<\/strong><\/em><\/h6><p class=\"\" data-start=\"1838\" data-end=\"1954\">Gr\u00e2ce \u00e0 notre service premium, offrez-vous encore plus de visibilit\u00e9 sur notre site :<\/p>\t\t\t\t\t\t\t\t<\/div>\n\t\t\t\t<\/div>\n\t\t\t\t<div class=\"elementor-element elementor-element-f188359 elementor-widget elementor-widget-text-editor\" data-id=\"f188359\" data-element_type=\"widget\" data-widget_type=\"text-editor.default\">\n\t\t\t\t<div class=\"elementor-widget-container\">\n\t\t\t\t\t\t\t\t\t<p><strong>\u2713 Visibilit\u00e9 sur le site <br data-start=\"1995\" data-end=\"1998\" \/>\u2713 Budget, ambiance, type de cuisine\u00a0 <\/strong><br data-start=\"1995\" data-end=\"1998\" \/><strong>\u2713 Partage d&#8217;infos et contact du restaurant <br data-start=\"1995\" data-end=\"1998\" \/>\u2713 R\u00e9servation en ligne via le site <\/strong><br data-start=\"2033\" data-end=\"2036\" \/><strong>\u2713 Ajout du menu sur le site<\/strong><\/p>\t\t\t\t\t\t\t\t<\/div>\n\t\t\t\t<\/div>\n\t\t\t\t<div class=\"elementor-element elementor-element-7247145 elementor-widget elementor-widget-button\" data-id=\"7247145\" data-element_type=\"widget\" data-widget_type=\"button.default\">\n\t\t\t\t<div class=\"elementor-widget-container\">\n\t\t\t\t\t\t\t\t\t<div class=\"elementor-button-wrapper\">\n\t\t\t\t\t<a class=\"elementor-button elementor-button-link elementor-size-sm\" href=\"https:\/\/restaurants.koutonou.net\/index.php\/contact-us\/\">\n\t\t\t\t\t\t<span class=\"elementor-button-content-wrapper\">\n\t\t\t\t\t\t\t\t\t<span class=\"elementor-button-text\">Souscrire maintenant<\/span>\n\t\t\t\t\t<\/span>\n\t\t\t\t\t<\/a>\n\t\t\t\t<\/div>\n\t\t\t\t\t\t\t\t<\/div>\n\t\t\t\t<\/div>\n\t\t\t\t<\/div>\n\t\t\t\t<\/div>\n\t\t\t\t<\/div>\n\t\t\t\t<\/div>\n\t\t\t\t\t<\/div>\n\t\t\t\t<\/div>\n\t\t<div class=\"elementor-element elementor-element-2b86804 e-flex e-con-boxed e-con e-parent\" data-id=\"2b86804\" data-element_type=\"container\">\n\t\t\t\t\t<div class=\"e-con-inner\">\n\t\t<div class=\"elementor-element elementor-element-a92def6 e-con-full e-flex e-con e-child\" data-id=\"a92def6\" data-element_type=\"container\" data-settings=\"{&quot;background_background&quot;:&quot;classic&quot;}\">\n\t\t\t\t<div class=\"elementor-element elementor-element-813b3f3 elementor-widget-mobile__width-initial elementor-widget elementor-widget-text-editor\" data-id=\"813b3f3\" data-element_type=\"widget\" data-widget_type=\"text-editor.default\">\n\t\t\t\t<div class=\"elementor-widget-container\">\n\t\t\t\t\t\t\t\t\t<p>Nos Services<\/p>\t\t\t\t\t\t\t\t<\/div>\n\t\t\t\t<\/div>\n\t\t\t\t<div class=\"elementor-element elementor-element-68c9663 elementor-widget__width-initial elementor-widget elementor-widget-text-editor\" data-id=\"68c9663\" data-element_type=\"widget\" data-widget_type=\"text-editor.default\">\n\t\t\t\t<div class=\"elementor-widget-container\">\n\t\t\t\t\t\t\t\t\t<h4 data-start=\"299\" data-end=\"400\">Bien plus qu\u2019un simple guide : une passerelle entre vous et les meilleures tables du pays.<\/h4><p class=\"\" data-start=\"402\" data-end=\"670\">Chez Restaurants <strong data-start=\"407\" data-end=\"419\">Koutonou<\/strong>, notre mission est de vous faire d\u00e9couvrir <strong data-start=\"463\" data-end=\"492\">les meilleurs restaurants<\/strong> du pays, tout en vous offrant une <strong data-start=\"531\" data-end=\"569\">exp\u00e9rience fluide et enrichissante<\/strong>, que vous souhaitiez explorer une nouvelle adresse ou r\u00e9server une table pour une occasion sp\u00e9ciale.<\/p>\t\t\t\t\t\t\t\t<\/div>\n\t\t\t\t<\/div>\n\t\t\t\t<\/div>\n\t\t\t\t\t<\/div>\n\t\t\t\t<\/div>\n\t\t<div class=\"elementor-element elementor-element-c99fcae e-flex e-con-boxed e-con e-parent\" data-id=\"c99fcae\" data-element_type=\"container\">\n\t\t\t\t\t<div class=\"e-con-inner\">\n\t\t<div class=\"elementor-element elementor-element-326c4dd e-con-full e-flex e-con e-child\" data-id=\"326c4dd\" data-element_type=\"container\">\n\t\t\t\t<div class=\"elementor-element elementor-element-a719259 elementor-widget elementor-widget-text-editor\" data-id=\"a719259\" data-element_type=\"widget\" data-widget_type=\"text-editor.default\">\n\t\t\t\t<div class=\"elementor-widget-container\">\n\t\t\t\t\t\t\t\t\t<h3 class=\"\" data-start=\"516\" data-end=\"548\">\ud83d\udccd R\u00e9f\u00e9rencement des meilleurs restaurants<\/h3><p class=\"\" data-start=\"726\" data-end=\"902\">Nous s\u00e9lectionnons avec soin des \u00e9tablissements r\u00e9put\u00e9s pour la qualit\u00e9 de leur cuisine, leur accueil et leur ambiance.<br data-start=\"845\" data-end=\"848\" \/>Chaque restaurant dispose d\u2019une <strong data-start=\"880\" data-end=\"898\">fiche compl\u00e8te<\/strong> :<\/p><p class=\"\" data-start=\"904\" data-end=\"1082\"><strong>\u2713 Menu d\u00e9taill\u00e9 et mis \u00e0 jour<\/strong><br data-start=\"933\" data-end=\"936\" \/><strong>\u2713 Photos des plats et de l\u2019int\u00e9rieur<\/strong><br data-start=\"972\" data-end=\"975\" \/><strong>\u2713 Horaires d\u2019ouverture<\/strong><br data-start=\"997\" data-end=\"1000\" \/><strong>\u2713 Localisation pr\u00e9cise avec carte interactive<\/strong><br data-start=\"1045\" data-end=\"1048\" \/><strong>\u2713 Type de cuisine et sp\u00e9cialit\u00e9s.<\/strong><\/p>\t\t\t\t\t\t\t\t<\/div>\n\t\t\t\t<\/div>\n\t\t\t\t<\/div>\n\t\t<div class=\"elementor-element elementor-element-db9539d e-con-full e-flex e-con e-child\" data-id=\"db9539d\" data-element_type=\"container\">\n\t\t\t\t<div class=\"elementor-element elementor-element-e9f9ddc elementor-widget elementor-widget-text-editor\" data-id=\"e9f9ddc\" data-element_type=\"widget\" data-widget_type=\"text-editor.default\">\n\t\t\t\t<div class=\"elementor-widget-container\">\n\t\t\t\t\t\t\t\t\t<h3 class=\"\" data-start=\"1089\" data-end=\"1112\">\ud83d\udcd6 Menus en ligne<\/h3><p class=\"\" data-start=\"1113\" data-end=\"1297\">Consultez facilement les <strong data-start=\"1138\" data-end=\"1156\">menus complets<\/strong> des restaurants : entr\u00e9es, plats, desserts, boissons, avec <strong data-start=\"1216\" data-end=\"1261\">des descriptions claires et app\u00e9tissantes<\/strong>. Plus besoin de chercher ailleurs !<\/p><p class=\"\" data-start=\"1299\" data-end=\"1489\"><strong>\u2713 Filtrage par type de cuisine (b\u00e9ninoise, asiatique, grillades, sushis, etc.)<\/strong><br data-start=\"1377\" data-end=\"1380\" \/><strong>\u2713 Tarifs indiqu\u00e9s pour une meilleure transparence<\/strong><br data-start=\"1429\" data-end=\"1432\" \/><strong>\u2713 Mise en avant des sp\u00e9cialit\u00e9s de chaque \u00e9tablissement<\/strong><\/p>\t\t\t\t\t\t\t\t<\/div>\n\t\t\t\t<\/div>\n\t\t\t\t<div class=\"elementor-element elementor-element-9e241db elementor-widget elementor-widget-text-editor\" data-id=\"9e241db\" data-element_type=\"widget\" data-widget_type=\"text-editor.default\">\n\t\t\t\t<div class=\"elementor-widget-container\">\n\t\t\t\t\t\t\t\t\t<h3 class=\"\" data-start=\"1798\" data-end=\"1837\">\ud83d\udc65Recommandations personnalis\u00e9es<\/h3><p class=\"\" data-start=\"1838\" data-end=\"1954\">Gr\u00e2ce \u00e0 notre syst\u00e8me de cat\u00e9gories et suggestions, trouvez rapidement un restaurant qui correspond \u00e0 vos envies :<\/p><p class=\"\" data-start=\"1956\" data-end=\"2083\"><strong>\u2713 En amoureux, en famille ou entre amis<\/strong><br data-start=\"1995\" data-end=\"1998\" \/><strong>\u2713 Budget, ambiance, type de cuisine<\/strong><br data-start=\"2033\" data-end=\"2036\" \/><strong>\u2713 Restaurants populaires, tendances ou cach\u00e9s<\/strong><\/p>\t\t\t\t\t\t\t\t<\/div>\n\t\t\t\t<\/div>\n\t\t\t\t<\/div>\n\t\t<div class=\"elementor-element elementor-element-bdddd1a e-con-full e-flex e-con e-child\" data-id=\"bdddd1a\" data-element_type=\"container\">\n\t\t\t\t<div class=\"elementor-element elementor-element-c49ae26 elementor-widget elementor-widget-text-editor\" data-id=\"c49ae26\" data-element_type=\"widget\" data-widget_type=\"text-editor.default\">\n\t\t\t\t<div class=\"elementor-widget-container\">\n\t\t\t\t\t\t\t\t\t<h3 class=\"\" data-start=\"1496\" data-end=\"1535\">\ud83d\udcc5 R\u00e9servation de tables en ligne<\/h3><p class=\"\" data-start=\"1536\" data-end=\"1633\">R\u00e9servez votre place en quelques clics dans le restaurant de votre choix, sans avoir \u00e0 appeler.<\/p><p class=\"\" data-start=\"1635\" data-end=\"1791\"><strong>\u2713 Formulaire de r\u00e9servation simple et rapide<\/strong><br data-start=\"1679\" data-end=\"1682\" \/><strong>\u2713 Confirmation imm\u00e9diate par mail<\/strong><br data-start=\"1722\" data-end=\"1725\" \/><strong>\u2713 Possibilit\u00e9 de r\u00e9server pour un groupe ou un \u00e9v\u00e9nement sp\u00e9cial<\/strong><\/p>\t\t\t\t\t\t\t\t<\/div>\n\t\t\t\t<\/div>\n\t\t\t\t<div class=\"elementor-element elementor-element-8ebf623 elementor-widget elementor-widget-text-editor\" data-id=\"8ebf623\" data-element_type=\"widget\" data-widget_type=\"text-editor.default\">\n\t\t\t\t<div class=\"elementor-widget-container\">\n\t\t\t\t\t\t\t\t\t<h3 class=\"\" data-start=\"2090\" data-end=\"2126\">\ud83d\udcac Service client &amp; assistance<\/h3><p class=\"\" data-start=\"2127\" data-end=\"2221\">Une question ? Un besoin sp\u00e9cifique ? Notre \u00e9quipe est l\u00e0 pour vous accompagner \u00e0 tout moment.<\/p><p class=\"\" data-start=\"2223\" data-end=\"2362\"><strong>\u2713 Support par t\u00e9l\u00e9phone, email ou WhatsApp<\/strong><br data-start=\"2265\" data-end=\"2268\" \/><strong>\u2713 Aide \u00e0 la r\u00e9servation ou \u00e0 la recherche de restaurant<\/strong><br data-start=\"2323\" data-end=\"2326\" \/><strong>\u2713 Suivi en cas de besoin particulier<\/strong><\/p>\t\t\t\t\t\t\t\t<\/div>\n\t\t\t\t<\/div>\n\t\t\t\t<\/div>\n\t\t<div class=\"elementor-element elementor-element-f44423d e-con-full e-flex e-con e-child\" data-id=\"f44423d\" data-element_type=\"container\">\n\t\t\t\t<div class=\"elementor-element elementor-element-fcd143b elementor-widget elementor-widget-text-editor\" data-id=\"fcd143b\" data-element_type=\"widget\" data-widget_type=\"text-editor.default\">\n\t\t\t\t<div class=\"elementor-widget-container\">\n\t\t\t\t\t\t\t\t\t<h3 class=\"\" data-start=\"2369\" data-end=\"2404\">\u2705 Pourquoi choisir les Restaurants Koutonou ?<\/h3><p class=\"\" data-start=\"2405\" data-end=\"2597\">\u2714\ufe0f Plateforme simple, rapide et compl\u00e8te<br data-start=\"2445\" data-end=\"2448\" \/>\u2714\ufe0f Acc\u00e8s \u00e0 des dizaines de restaurants v\u00e9rifi\u00e9s<br data-start=\"2495\" data-end=\"2498\" \/>\u2714\ufe0f Exp\u00e9rience culinaire optimis\u00e9e et centralis\u00e9e<br data-start=\"2546\" data-end=\"2549\" \/>\u2714\ufe0f \u00c9conomie de temps &amp; meilleure planification<\/p>\t\t\t\t\t\t\t\t<\/div>\n\t\t\t\t<\/div>\n\t\t\t\t<\/div>\n\t\t<div class=\"elementor-element elementor-element-883f176 e-con-full e-flex e-con e-child\" data-id=\"883f176\" data-element_type=\"container\">\n\t\t\t\t<div class=\"elementor-element elementor-element-b89beac elementor-widget elementor-widget-image\" data-id=\"b89beac\" data-element_type=\"widget\" data-widget_type=\"image.default\">\n\t\t\t\t<div class=\"elementor-widget-container\">\n\t\t\t\t\t\t\t\t\t\t\t\t\t\t\t<img fetchpriority=\"high\" decoding=\"async\" width=\"1024\" height=\"700\" src=\"https:\/\/restaurants.koutonou.net\/wp-content\/uploads\/2025\/04\/2151864228-1024x700.jpg\" class=\"attachment-large size-large wp-image-2850\" alt=\"\u00c9quipe de cuisiniers\" srcset=\"https:\/\/restaurants.koutonou.net\/wp-content\/uploads\/2025\/04\/2151864228-1024x700.jpg 1024w, https:\/\/restaurants.koutonou.net\/wp-content\/uploads\/2025\/04\/2151864228-600x410.jpg 600w, https:\/\/restaurants.koutonou.net\/wp-content\/uploads\/2025\/04\/2151864228-300x205.jpg 300w, https:\/\/restaurants.koutonou.net\/wp-content\/uploads\/2025\/04\/2151864228-768x525.jpg 768w, https:\/\/restaurants.koutonou.net\/wp-content\/uploads\/2025\/04\/2151864228-1320x903.jpg 1320w, https:\/\/restaurants.koutonou.net\/wp-content\/uploads\/2025\/04\/2151864228.jpg 1500w\" sizes=\"(max-width: 1024px) 100vw, 1024px\" \/>\t\t\t\t\t\t\t\t\t\t\t\t\t\t\t<\/div>\n\t\t\t\t<\/div>\n\t\t\t\t<\/div>\n\t\t\t\t\t<\/div>\n\t\t\t\t<\/div>\n\t\t<div class=\"elementor-element elementor-element-4088daa e-con-full e-flex e-con e-parent\" data-id=\"4088daa\" data-element_type=\"container\">\n\t\t\t\t<div class=\"elementor-element elementor-element-f6b5c89 elementor-widget__width-initial elementor-widget elementor-widget-text-editor\" data-id=\"f6b5c89\" data-element_type=\"widget\" data-widget_type=\"text-editor.default\">\n\t\t\t\t<div class=\"elementor-widget-container\">\n\t\t\t\t\t\t\t\t\t<hr class=\"\" data-start=\"2352\" data-end=\"2355\" \/><blockquote data-start=\"2357\" data-end=\"2535\"><p class=\"\" data-start=\"2359\" data-end=\"2535\"><strong data-start=\"2359\" data-end=\"2462\">Chez Restaurant Koutonou, chaque service est une promesse : celle de vous r\u00e9galer avec passion, \u00e0 tout moment.<\/strong><br data-start=\"2462\" data-end=\"2465\" \/>N\u2019h\u00e9sitez pas \u00e0 contacter l&#8217;un de nos restaurants pour toute information ou r\u00e9servation !<\/p><\/blockquote>\t\t\t\t\t\t\t\t<\/div>\n\t\t\t\t<\/div>\n\t\t\t\t<\/div>\n\t\t\t\t<\/div>\n\t\t","protected":false},"excerpt":{"rendered":"<p>Nos services Vous trouverez ici tous les services que nous proposons pour r\u00e9pondre \u00e0 tous vos besoins. Petit plan de tarification pour votre restaurant !! \ud83c\udd93 Service gratuit Gr\u00e2ce \u00e0 notre syst\u00e8me, disposez d&#8217;une pr\u00e9sence en ligne simple et surtout gratuite : \u2713 Visibilit\u00e9 sur le site\u2713 Budget, ambiance, type de cuisine\u00a0 \u2713 Partage d&#8217;infos [&hellip;]<\/p>\n","protected":false},"author":1,"featured_media":0,"parent":0,"menu_order":0,"comment_status":"closed","ping_status":"closed","template":"elementor_header_footer","meta":{"_acf_changed":false,"footnotes":""},"class_list":["post-2503","page","type-page","status-publish","hentry"],"acf":[],"aioseo_notices":[],"jetpack_sharing_enabled":true,"_links":{"self":[{"href":"https:\/\/restaurants.koutonou.net\/index.php\/wp-json\/wp\/v2\/pages\/2503","targetHints":{"allow":["GET"]}}],"collection":[{"href":"https:\/\/restaurants.koutonou.net\/index.php\/wp-json\/wp\/v2\/pages"}],"about":[{"href":"https:\/\/restaurants.koutonou.net\/index.php\/wp-json\/wp\/v2\/types\/page"}],"author":[{"embeddable":true,"href":"https:\/\/restaurants.koutonou.net\/index.php\/wp-json\/wp\/v2\/users\/1"}],"replies":[{"embeddable":true,"href":"https:\/\/restaurants.koutonou.net\/index.php\/wp-json\/wp\/v2\/comments?post=2503"}],"version-history":[{"count":33,"href":"https:\/\/restaurants.koutonou.net\/index.php\/wp-json\/wp\/v2\/pages\/2503\/revisions"}],"predecessor-version":[{"id":3426,"href":"https:\/\/restaurants.koutonou.net\/index.php\/wp-json\/wp\/v2\/pages\/2503\/revisions\/3426"}],"wp:attachment":[{"href":"https:\/\/restaurants.koutonou.net\/index.php\/wp-json\/wp\/v2\/media?parent=2503"}],"curies":[{"name":"wp","href":"https:\/\/api.w.org\/{rel}","templated":true}]}}